{"id":911,"date":"2017-12-21T13:46:46","date_gmt":"2017-12-21T12:46:46","guid":{"rendered":"http:\/\/test.staedtische-agrikultur.de\/?page_id=911"},"modified":"2019-04-29T09:21:44","modified_gmt":"2019-04-29T07:21:44","slug":"ideen-einreichen-forschungsfragen","status":"publish","type":"page","link":"https:\/\/staedtische-agrikultur.de\/index.php\/ideen-einreichen-forschungsfragen\/","title":{"rendered":"Ideen einreichen"},"content":{"rendered":"<p>[et_pb_section fb_built=&#8220;1&#8243; _builder_version=&#8220;3.21.4&#8243; background_color=&#8220;#953735&#8243; parallax=&#8220;on&#8220; parallax_method=&#8220;off&#8220; custom_margin=&#8220;|||&#8220; custom_padding=&#8220;0px|0px|0px|0px&#8220; z_index_tablet=&#8220;500&#8243;][et_pb_row custom_padding=&#8220;100px||50px||false|false&#8220; _builder_version=&#8220;3.17.2&#8243;][et_pb_column type=&#8220;1_2&#8243; _builder_version=&#8220;3.0.47&#8243;][et_pb_blurb title=&#8220;Idee einreichen&#8220; image_max_width=&#8220;1000px&#8220; content_max_width=&#8220;1000px&#8220; image_max_width_last_edited=&#8220;on|desktop&#8220; content_max_width_last_edited=&#8220;on|desktop&#8220; module_id=&#8220;was-sprungmarke&#8220; _builder_version=&#8220;3.21.4&#8243; header_text_color=&#8220;#ffffff&#8220; header_font_size=&#8220;42px&#8220; body_font=&#8220;Comfortaa||||&#8220; body_text_align=&#8220;left&#8220; body_text_color=&#8220;#ffffff&#8220; body_font_size=&#8220;12px&#8220; max_width_last_edited=&#8220;on|desktop&#8220; module_alignment=&#8220;right&#8220; custom_padding=&#8220;0px||0px|&#8220; animation_style=&#8220;fade&#8220; z_index_tablet=&#8220;500&#8243; saved_tabs=&#8220;all&#8220;][\/et_pb_blurb][et_pb_blurb image_max_width=&#8220;1000px&#8220; content_max_width=&#8220;1000px&#8220; image_max_width_last_edited=&#8220;on|desktop&#8220; content_max_width_last_edited=&#8220;on|desktop&#8220; module_id=&#8220;was-sprungmarke&#8220; _builder_version=&#8220;3.21.4&#8243; header_text_color=&#8220;#ffffff&#8220; header_font_size=&#8220;42px&#8220; body_font=&#8220;Comfortaa||||&#8220; body_text_align=&#8220;left&#8220; body_text_color=&#8220;#ffffff&#8220; body_font_size=&#8220;12px&#8220; max_width_last_edited=&#8220;on|desktop&#8220; module_alignment=&#8220;right&#8220; custom_padding=&#8220;0px|||&#8220; animation_style=&#8220;fade&#8220; z_index_tablet=&#8220;500&#8243; saved_tabs=&#8220;all&#8220;]<\/p>\n<p style=\"text-align: left;\">Hier k\u00f6nnen Sie uns Ihre Ideen zu Forschungsfragen nennen. Die Ideen werden gesammelt und dar\u00fcber hinaus zusammen mit den anderen Vorschl\u00e4gen in der<span style=\"color: #ffffff;\"> <a style=\"color: #ffffff;\" href=\"https:\/\/staedtische-agrikultur.de\/index.php\/forschungsmatrix\/\" target=\"_blank\" rel=\"noopener noreferrer\"><strong>Forschungsmatrix<\/strong> <\/a><\/span>dargestellt. Sie k\u00f6nnen ebenfalls ein Forschungs<strong>thema<\/strong> beschreiben.<\/p>\n<p>[\/et_pb_blurb][\/et_pb_column][et_pb_column type=&#8220;1_2&#8243; _builder_version=&#8220;3.0.47&#8243;][\/et_pb_column][\/et_pb_row][\/et_pb_section][et_pb_section fb_built=&#8220;1&#8243; _builder_version=&#8220;3.17.2&#8243; background_color=&#8220;#953735&#8243; parallax=&#8220;on&#8220; parallax_method=&#8220;off&#8220; custom_margin=&#8220;|||&#8220; custom_padding=&#8220;0px|0px|0px|0px&#8220;][et_pb_row custom_padding=&#8220;0px||100px|&#8220; _builder_version=&#8220;3.0.97&#8243;][et_pb_column type=&#8220;4_4&#8243; _builder_version=&#8220;3.0.47&#8243;][et_pb_text _builder_version=&#8220;3.21.4&#8243; z_index_tablet=&#8220;500&#8243;]<\/p>\n<p>Bitte nutzen Sie dazu unser Formular. Zuerst geben Sie einfach Ihre Kontaktdaten ein und w\u00e4hlen dann das Themenfeld aus, beisipielsweise Tierzucht. Im Folgenden k\u00f6nnen Sie Ihre Idee innerhalb der st\u00e4dtischen Agrikultur beschreiben.<\/p>\n<p>[\/et_pb_text][et_pb_contact_form email=&#8220;simone.krause@umsicht.fraunhofer.de&#8220; custom_message=&#8220;%%Name%% m\u00f6chte eine Idee einreichen.||et_pb_line_break_holder||E-mail adresse Ideengeber: %%Email%%||et_pb_line_break_holder||||et_pb_line_break_holder||Titel der Idee: %%Idee%%||et_pb_line_break_holder||Themenfeld: %%Kategorie%%||et_pb_line_break_holder||Beschreibung der Idee und der Forschungsfrage:||et_pb_line_break_holder||%%Details%%||et_pb_line_break_holder||||et_pb_line_break_holder||Zielgebiet der Idee: %%Zielgebiet%%||et_pb_line_break_holder||Idee darf auf dem Webportal angezeigt werden: %%Webportal%%||et_pb_line_break_holder||&#8220; success_message=&#8220;Vielen Dank f\u00fcr Ihre Forschungsidee!&#8220; submit_button_text=&#8220;Idee absenden&#8220; module_id=&#8220;et_pb_contact_form_0&#8243; _builder_version=&#8220;3.21.4&#8243; title_text_align=&#8220;left&#8220; title_text_color=&#8220;#ffffff&#8220; title_font_size=&#8220;24px&#8220; title_line_height=&#8220;2.2em&#8220; form_field_text_align=&#8220;left&#8220; custom_button=&#8220;on&#8220; button_text_size=&#8220;16px&#8220; button_text_color=&#8220;#ffffff&#8220; button_border_color=&#8220;#ffffff&#8220; button_icon=&#8220;%%3%%&#8220; text_orientation=&#8220;left&#8220;][et_pb_contact_field field_id=&#8220;Name&#8220; field_title=&#8220;Vor- und Nachname&#8220; _builder_version=&#8220;3.17.2&#8243; border_radii=&#8220;on||||&#8220;][\/et_pb_contact_field][et_pb_contact_field field_id=&#8220;Email&#8220; field_title=&#8220;E-Mail-Adresse&#8220; field_type=&#8220;email&#8220; _builder_version=&#8220;3.17.2&#8243; border_radii=&#8220;on||||&#8220;][\/et_pb_contact_field][et_pb_contact_field field_id=&#8220;Idee&#8220; field_title=&#8220;Titel der Idee&#8220; fullwidth_field=&#8220;on&#8220; _builder_version=&#8220;3.17.2&#8243; border_radii=&#8220;on||||&#8220;][\/et_pb_contact_field][et_pb_contact_field field_id=&#8220;Kategorie&#8220; field_title=&#8220;Themenfeld&#8220; field_type=&#8220;select&#8220; select_options=&#8220;%91{%22value%22:%22Anbaumethoden%22,%22checked%22:0},{%22value%22:%22N\u00e4hrstoffgewinnung%22,%22checked%22:0},{%22value%22:%22Nahrungsverarbeitung%22,%22checked%22:0},{%22value%22:%22Tierzucht%22,%22checked%22:0},{%22value%22:%22Transport, Verteilung &#038; Vermarktung%22,%22checked%22:0}%93&#8243; fullwidth_field=&#8220;on&#8220; _builder_version=&#8220;3.17.2&#8243;][\/et_pb_contact_field][et_pb_contact_field field_id=&#8220;Details&#8220; field_title=&#8220;Beschreibung der Idee und der Forschungsfrage&#8220; field_type=&#8220;text&#8220; fullwidth_field=&#8220;on&#8220; _builder_version=&#8220;3.17.2&#8243; border_radii=&#8220;on||||&#8220;][\/et_pb_contact_field][et_pb_contact_field field_id=&#8220;Zielgebiet&#8220; field_title=&#8220;Zielgebiet der Idee&#8220; fullwidth_field=&#8220;on&#8220; _builder_version=&#8220;3.17.2&#8243; border_radii=&#8220;on||||&#8220;][\/et_pb_contact_field][et_pb_contact_field field_id=&#8220;Webportal&#8220; field_title=&#8220;Idee darf im Webportal angezeigt werden&#8220; field_type=&#8220;checkbox&#8220; checkbox_options=&#8220;%91{%22value%22:%22Ja%22,%22checked%22:0,%22dragID%22:0},{%22value%22:%22Nein%22,%22checked%22:0,%22dragID%22:1}%93&#8243; field_background_color=&#8220;rgba(255,255,255,0)&#8220; _builder_version=&#8220;3.17.2&#8243; form_field_font=&#8220;||||||||&#8220; form_field_text_color=&#8220;#ffffff&#8220; border_radii=&#8220;on|100px|100px|100px|100px&#8220; border_width_all=&#8220;2px&#8220; border_color_all=&#8220;#ffffff&#8220; border_style_all=&#8220;solid&#8220; text_orientation=&#8220;left&#8220; custom_margin=&#8220;|||&#8220; use_border_color=&#8220;on&#8220; border_color=&#8220;#ffffff&#8220; border_width=&#8220;2px&#8220; input_border_radius=&#8220;100px&#8220;][\/et_pb_contact_field][\/et_pb_contact_form][\/et_pb_column][\/et_pb_row][\/et_pb_section]<\/p>\n","protected":false},"excerpt":{"rendered":"<p>Hier k\u00f6nnen Sie uns Ihre Ideen zu Forschungsfragen nennen. Die Ideen werden gesammelt und dar\u00fcber hinaus zusammen mit den anderen Vorschl\u00e4gen in der Forschungsmatrix dargestellt. Sie k\u00f6nnen ebenfalls ein Forschungsthema beschreiben. Bitte nutzen Sie dazu unser Formular. Zuerst geben Sie einfach Ihre Kontaktdaten ein und w\u00e4hlen dann das Themenfeld aus, beisipielsweise Tierzucht. Im Folgenden k\u00f6nnen [&hellip;]<\/p>\n","protected":false},"author":2,"featured_media":0,"parent":0,"menu_order":0,"comment_status":"closed","ping_status":"closed","template":"","meta":{"_et_pb_use_builder":"on","_et_pb_old_content":"","_et_gb_content_width":"","footnotes":""},"class_list":["post-911","page","type-page","status-publish","hentry"],"yoast_head":"<!-- This site is optimized with the Yoast SEO plugin v27.3 - https:\/\/yoast.com\/product\/yoast-seo-wordpress\/ -->\n<title>Forschungsfragen - Ideen einreichen - St\u00e4dtische Agrikultur<\/title>\n<meta name=\"description\" content=\"Eine Idee zu Forschungsfragen oder einem Forschungsthema einreichen. Ihre Idee wird gesammelt und in der Forschungsmatrix dargestellt.\" \/>\n<meta name=\"robots\" content=\"index, follow, max-snippet:-1, max-image-preview:large, max-video-preview:-1\" \/>\n<link rel=\"canonical\" href=\"https:\/\/websites.fraunhofer.de\/staedtischeagrikultur\/index.php\/ideen-einreichen-forschungsfragen\/\" \/>\n<meta property=\"og:locale\" content=\"de_DE\" \/>\n<meta property=\"og:type\" content=\"article\" \/>\n<meta property=\"og:title\" content=\"Forschungsfragen - Ideen einreichen - St\u00e4dtische Agrikultur\" \/>\n<meta property=\"og:description\" content=\"Eine Idee zu Forschungsfragen oder einem Forschungsthema einreichen. Ihre Idee wird gesammelt und in der Forschungsmatrix dargestellt.\" \/>\n<meta property=\"og:url\" content=\"https:\/\/websites.fraunhofer.de\/staedtischeagrikultur\/index.php\/ideen-einreichen-forschungsfragen\/\" \/>\n<meta property=\"og:site_name\" content=\"St\u00e4dtische Agrikultur\" \/>\n<meta property=\"article:publisher\" content=\"https:\/\/www.facebook.com\/SAINagrikultur\/\" \/>\n<meta property=\"article:modified_time\" content=\"2019-04-29T07:21:44+00:00\" \/>\n<meta name=\"twitter:card\" content=\"summary_large_image\" \/>\n<meta name=\"twitter:label1\" content=\"Gesch\u00e4tzte Lesezeit\" \/>\n\t<meta name=\"twitter:data1\" content=\"4\u00a0Minuten\" \/>\n<script type=\"application\/ld+json\" class=\"yoast-schema-graph\">{\"@context\":\"https:\\\/\\\/schema.org\",\"@graph\":[{\"@type\":\"WebPage\",\"@id\":\"https:\\\/\\\/websites.fraunhofer.de\\\/staedtischeagrikultur\\\/index.php\\\/ideen-einreichen-forschungsfragen\\\/\",\"url\":\"https:\\\/\\\/websites.fraunhofer.de\\\/staedtischeagrikultur\\\/index.php\\\/ideen-einreichen-forschungsfragen\\\/\",\"name\":\"Forschungsfragen - Ideen einreichen - St\u00e4dtische Agrikultur\",\"isPartOf\":{\"@id\":\"https:\\\/\\\/websites.fraunhofer.de\\\/staedtischeagrikultur\\\/#website\"},\"datePublished\":\"2017-12-21T12:46:46+00:00\",\"dateModified\":\"2019-04-29T07:21:44+00:00\",\"description\":\"Eine Idee zu Forschungsfragen oder einem Forschungsthema einreichen. Ihre Idee wird gesammelt und in der Forschungsmatrix dargestellt.\",\"breadcrumb\":{\"@id\":\"https:\\\/\\\/websites.fraunhofer.de\\\/staedtischeagrikultur\\\/index.php\\\/ideen-einreichen-forschungsfragen\\\/#breadcrumb\"},\"inLanguage\":\"de\",\"potentialAction\":[{\"@type\":\"ReadAction\",\"target\":[\"https:\\\/\\\/websites.fraunhofer.de\\\/staedtischeagrikultur\\\/index.php\\\/ideen-einreichen-forschungsfragen\\\/\"]}]},{\"@type\":\"BreadcrumbList\",\"@id\":\"https:\\\/\\\/websites.fraunhofer.de\\\/staedtischeagrikultur\\\/index.php\\\/ideen-einreichen-forschungsfragen\\\/#breadcrumb\",\"itemListElement\":[{\"@type\":\"ListItem\",\"position\":1,\"name\":\"Startseite\",\"item\":\"https:\\\/\\\/websites.fraunhofer.de\\\/staedtischeagrikultur\\\/\"},{\"@type\":\"ListItem\",\"position\":2,\"name\":\"Ideen einreichen\"}]},{\"@type\":\"WebSite\",\"@id\":\"https:\\\/\\\/websites.fraunhofer.de\\\/staedtischeagrikultur\\\/#website\",\"url\":\"https:\\\/\\\/websites.fraunhofer.de\\\/staedtischeagrikultur\\\/\",\"name\":\"St\u00e4dtische Agrikultur\",\"description\":\"SAIN\",\"publisher\":{\"@id\":\"https:\\\/\\\/websites.fraunhofer.de\\\/staedtischeagrikultur\\\/#organization\"},\"potentialAction\":[{\"@type\":\"SearchAction\",\"target\":{\"@type\":\"EntryPoint\",\"urlTemplate\":\"https:\\\/\\\/websites.fraunhofer.de\\\/staedtischeagrikultur\\\/?s={search_term_string}\"},\"query-input\":{\"@type\":\"PropertyValueSpecification\",\"valueRequired\":true,\"valueName\":\"search_term_string\"}}],\"inLanguage\":\"de\"},{\"@type\":\"Organization\",\"@id\":\"https:\\\/\\\/websites.fraunhofer.de\\\/staedtischeagrikultur\\\/#organization\",\"name\":\"St\u00e4dtische Agrikultur\",\"url\":\"https:\\\/\\\/websites.fraunhofer.de\\\/staedtischeagrikultur\\\/\",\"logo\":{\"@type\":\"ImageObject\",\"inLanguage\":\"de\",\"@id\":\"https:\\\/\\\/websites.fraunhofer.de\\\/staedtischeagrikultur\\\/#\\\/schema\\\/logo\\\/image\\\/\",\"url\":\"https:\\\/\\\/staedtische-agrikultur.de\\\/wp-content\\\/uploads\\\/2017\\\/10\\\/SAIN-Logo_V4_N-k\u00fcrzer_edit-170831_Fraunhofer-Gr\u00fcn.png\",\"contentUrl\":\"https:\\\/\\\/staedtische-agrikultur.de\\\/wp-content\\\/uploads\\\/2017\\\/10\\\/SAIN-Logo_V4_N-k\u00fcrzer_edit-170831_Fraunhofer-Gr\u00fcn.png\",\"width\":1666,\"height\":1666,\"caption\":\"St\u00e4dtische Agrikultur\"},\"image\":{\"@id\":\"https:\\\/\\\/websites.fraunhofer.de\\\/staedtischeagrikultur\\\/#\\\/schema\\\/logo\\\/image\\\/\"},\"sameAs\":[\"https:\\\/\\\/www.facebook.com\\\/SAINagrikultur\\\/\",\"https:\\\/\\\/www.youtube.com\\\/channel\\\/UCeFQ74xB7C6-DHKwI1k9E3Q\"]}]}<\/script>\n<!-- \/ Yoast SEO plugin. -->","yoast_head_json":{"title":"Forschungsfragen - Ideen einreichen - St\u00e4dtische Agrikultur","description":"Eine Idee zu Forschungsfragen oder einem Forschungsthema einreichen. Ihre Idee wird gesammelt und in der Forschungsmatrix dargestellt.","robots":{"index":"index","follow":"follow","max-snippet":"max-snippet:-1","max-image-preview":"max-image-preview:large","max-video-preview":"max-video-preview:-1"},"canonical":"https:\/\/websites.fraunhofer.de\/staedtischeagrikultur\/index.php\/ideen-einreichen-forschungsfragen\/","og_locale":"de_DE","og_type":"article","og_title":"Forschungsfragen - Ideen einreichen - St\u00e4dtische Agrikultur","og_description":"Eine Idee zu Forschungsfragen oder einem Forschungsthema einreichen. Ihre Idee wird gesammelt und in der Forschungsmatrix dargestellt.","og_url":"https:\/\/websites.fraunhofer.de\/staedtischeagrikultur\/index.php\/ideen-einreichen-forschungsfragen\/","og_site_name":"St\u00e4dtische Agrikultur","article_publisher":"https:\/\/www.facebook.com\/SAINagrikultur\/","article_modified_time":"2019-04-29T07:21:44+00:00","twitter_card":"summary_large_image","twitter_misc":{"Gesch\u00e4tzte Lesezeit":"4\u00a0Minuten"},"schema":{"@context":"https:\/\/schema.org","@graph":[{"@type":"WebPage","@id":"https:\/\/websites.fraunhofer.de\/staedtischeagrikultur\/index.php\/ideen-einreichen-forschungsfragen\/","url":"https:\/\/websites.fraunhofer.de\/staedtischeagrikultur\/index.php\/ideen-einreichen-forschungsfragen\/","name":"Forschungsfragen - Ideen einreichen - St\u00e4dtische Agrikultur","isPartOf":{"@id":"https:\/\/websites.fraunhofer.de\/staedtischeagrikultur\/#website"},"datePublished":"2017-12-21T12:46:46+00:00","dateModified":"2019-04-29T07:21:44+00:00","description":"Eine Idee zu Forschungsfragen oder einem Forschungsthema einreichen. Ihre Idee wird gesammelt und in der Forschungsmatrix dargestellt.","breadcrumb":{"@id":"https:\/\/websites.fraunhofer.de\/staedtischeagrikultur\/index.php\/ideen-einreichen-forschungsfragen\/#breadcrumb"},"inLanguage":"de","potentialAction":[{"@type":"ReadAction","target":["https:\/\/websites.fraunhofer.de\/staedtischeagrikultur\/index.php\/ideen-einreichen-forschungsfragen\/"]}]},{"@type":"BreadcrumbList","@id":"https:\/\/websites.fraunhofer.de\/staedtischeagrikultur\/index.php\/ideen-einreichen-forschungsfragen\/#breadcrumb","itemListElement":[{"@type":"ListItem","position":1,"name":"Startseite","item":"https:\/\/websites.fraunhofer.de\/staedtischeagrikultur\/"},{"@type":"ListItem","position":2,"name":"Ideen einreichen"}]},{"@type":"WebSite","@id":"https:\/\/websites.fraunhofer.de\/staedtischeagrikultur\/#website","url":"https:\/\/websites.fraunhofer.de\/staedtischeagrikultur\/","name":"St\u00e4dtische Agrikultur","description":"SAIN","publisher":{"@id":"https:\/\/websites.fraunhofer.de\/staedtischeagrikultur\/#organization"},"potentialAction":[{"@type":"SearchAction","target":{"@type":"EntryPoint","urlTemplate":"https:\/\/websites.fraunhofer.de\/staedtischeagrikultur\/?s={search_term_string}"},"query-input":{"@type":"PropertyValueSpecification","valueRequired":true,"valueName":"search_term_string"}}],"inLanguage":"de"},{"@type":"Organization","@id":"https:\/\/websites.fraunhofer.de\/staedtischeagrikultur\/#organization","name":"St\u00e4dtische Agrikultur","url":"https:\/\/websites.fraunhofer.de\/staedtischeagrikultur\/","logo":{"@type":"ImageObject","inLanguage":"de","@id":"https:\/\/websites.fraunhofer.de\/staedtischeagrikultur\/#\/schema\/logo\/image\/","url":"https:\/\/staedtische-agrikultur.de\/wp-content\/uploads\/2017\/10\/SAIN-Logo_V4_N-k\u00fcrzer_edit-170831_Fraunhofer-Gr\u00fcn.png","contentUrl":"https:\/\/staedtische-agrikultur.de\/wp-content\/uploads\/2017\/10\/SAIN-Logo_V4_N-k\u00fcrzer_edit-170831_Fraunhofer-Gr\u00fcn.png","width":1666,"height":1666,"caption":"St\u00e4dtische Agrikultur"},"image":{"@id":"https:\/\/websites.fraunhofer.de\/staedtischeagrikultur\/#\/schema\/logo\/image\/"},"sameAs":["https:\/\/www.facebook.com\/SAINagrikultur\/","https:\/\/www.youtube.com\/channel\/UCeFQ74xB7C6-DHKwI1k9E3Q"]}]}},"_links":{"self":[{"href":"https:\/\/staedtische-agrikultur.de\/index.php\/wp-json\/wp\/v2\/pages\/911","targetHints":{"allow":["GET"]}}],"collection":[{"href":"https:\/\/staedtische-agrikultur.de\/index.php\/wp-json\/wp\/v2\/pages"}],"about":[{"href":"https:\/\/staedtische-agrikultur.de\/index.php\/wp-json\/wp\/v2\/types\/page"}],"author":[{"embeddable":true,"href":"https:\/\/staedtische-agrikultur.de\/index.php\/wp-json\/wp\/v2\/users\/2"}],"replies":[{"embeddable":true,"href":"https:\/\/staedtische-agrikultur.de\/index.php\/wp-json\/wp\/v2\/comments?post=911"}],"version-history":[{"count":0,"href":"https:\/\/staedtische-agrikultur.de\/index.php\/wp-json\/wp\/v2\/pages\/911\/revisions"}],"wp:attachment":[{"href":"https:\/\/staedtische-agrikultur.de\/index.php\/wp-json\/wp\/v2\/media?parent=911"}],"curies":[{"name":"wp","href":"https:\/\/api.w.org\/{rel}","templated":true}]}}