{"id":7504,"date":"2020-08-18T13:09:17","date_gmt":"2020-08-18T11:09:17","guid":{"rendered":"https:\/\/websites.fraunhofer.de\/staedtischeagrikultur\/wp-content\/uploads\/2020\/08\/Bild1.png"},"modified":"2020-08-18T13:09:17","modified_gmt":"2020-08-18T11:09:17","slug":"bild1-3","status":"inherit","type":"attachment","link":"https:\/\/staedtische-agrikultur.de\/index.php\/urbane-gemeinschaftsgaerten\/bild1-3\/","title":{"rendered":"Bild1"},"author":2,"featured_media":0,"comment_status":"closed","ping_status":"closed","template":"","meta":{"_et_pb_use_builder":"","_et_pb_old_content":"","_et_gb_content_width":""},"class_list":["post-7504","attachment","type-attachment","status-inherit","hentry"],"yoast_head":"<!-- This site is optimized with the Yoast SEO plugin v27.5 - https:\/\/yoast.com\/product\/yoast-seo-wordpress\/ -->\n<title>Bild1 - St\u00e4dtische Agrikultur<\/title>\n<meta name=\"robots\" content=\"index, follow, max-snippet:-1, max-image-preview:large, max-video-preview:-1\" \/>\n<link rel=\"canonical\" href=\"https:\/\/websites.fraunhofer.de\/staedtischeagrikultur\/wp-content\/uploads\/2020\/08\/Bild1.png\" \/>\n<meta property=\"og:locale\" content=\"de_DE\" \/>\n<meta property=\"og:type\" content=\"article\" \/>\n<meta property=\"og:title\" content=\"Bild1 - St\u00e4dtische Agrikultur\" \/>\n<meta property=\"og:url\" content=\"https:\/\/websites.fraunhofer.de\/staedtischeagrikultur\/wp-content\/uploads\/2020\/08\/Bild1.png\" \/>\n<meta property=\"og:site_name\" content=\"St\u00e4dtische Agrikultur\" \/>\n<meta property=\"article:publisher\" content=\"https:\/\/www.facebook.com\/SAINagrikultur\/\" \/>\n<meta property=\"og:image\" content=\"https:\/\/websites.fraunhofer.de\/staedtischeagrikultur\/wp-content\/uploads\/2020\/08\/Bild1.png\" \/>\n\t<meta property=\"og:image:width\" content=\"1525\" \/>\n\t<meta property=\"og:image:height\" content=\"1125\" \/>\n\t<meta property=\"og:image:type\" content=\"image\/png\" \/>\n<meta name=\"twitter:card\" content=\"summary_large_image\" \/>\n<script type=\"application\/ld+json\" class=\"yoast-schema-graph\">{\"@context\":\"https:\\\/\\\/schema.org\",\"@graph\":[{\"@type\":\"WebPage\",\"@id\":\"https:\\\/\\\/websites.fraunhofer.de\\\/staedtischeagrikultur\\\/wp-content\\\/uploads\\\/2020\\\/08\\\/Bild1.png\",\"url\":\"https:\\\/\\\/websites.fraunhofer.de\\\/staedtischeagrikultur\\\/wp-content\\\/uploads\\\/2020\\\/08\\\/Bild1.png\",\"name\":\"Bild1 - St\u00e4dtische Agrikultur\",\"isPartOf\":{\"@id\":\"https:\\\/\\\/websites.fraunhofer.de\\\/staedtischeagrikultur\\\/#website\"},\"datePublished\":\"2020-08-18T11:09:17+00:00\",\"breadcrumb\":{\"@id\":\"https:\\\/\\\/websites.fraunhofer.de\\\/staedtischeagrikultur\\\/wp-content\\\/uploads\\\/2020\\\/08\\\/Bild1.png#breadcrumb\"},\"inLanguage\":\"de\",\"potentialAction\":[{\"@type\":\"ReadAction\",\"target\":[\"https:\\\/\\\/websites.fraunhofer.de\\\/staedtischeagrikultur\\\/wp-content\\\/uploads\\\/2020\\\/08\\\/Bild1.png\"]}]},{\"@type\":\"BreadcrumbList\",\"@id\":\"https:\\\/\\\/websites.fraunhofer.de\\\/staedtischeagrikultur\\\/wp-content\\\/uploads\\\/2020\\\/08\\\/Bild1.png#breadcrumb\",\"itemListElement\":[{\"@type\":\"ListItem\",\"position\":1,\"name\":\"Startseite\",\"item\":\"https:\\\/\\\/websites.fraunhofer.de\\\/staedtischeagrikultur\\\/\"},{\"@type\":\"ListItem\",\"position\":2,\"name\":\"Urbane Gemeinschaftsg\u00e4rten\",\"item\":\"https:\\\/\\\/websites.fraunhofer.de\\\/staedtischeagrikultur\\\/index.php\\\/urbane-gemeinschaftsgaerten\\\/\"},{\"@type\":\"ListItem\",\"position\":3,\"name\":\"Bild1\"}]},{\"@type\":\"WebSite\",\"@id\":\"https:\\\/\\\/websites.fraunhofer.de\\\/staedtischeagrikultur\\\/#website\",\"url\":\"https:\\\/\\\/websites.fraunhofer.de\\\/staedtischeagrikultur\\\/\",\"name\":\"St\u00e4dtische Agrikultur\",\"description\":\"SAIN\",\"publisher\":{\"@id\":\"https:\\\/\\\/websites.fraunhofer.de\\\/staedtischeagrikultur\\\/#organization\"},\"potentialAction\":[{\"@type\":\"SearchAction\",\"target\":{\"@type\":\"EntryPoint\",\"urlTemplate\":\"https:\\\/\\\/websites.fraunhofer.de\\\/staedtischeagrikultur\\\/?s={search_term_string}\"},\"query-input\":{\"@type\":\"PropertyValueSpecification\",\"valueRequired\":true,\"valueName\":\"search_term_string\"}}],\"inLanguage\":\"de\"},{\"@type\":\"Organization\",\"@id\":\"https:\\\/\\\/websites.fraunhofer.de\\\/staedtischeagrikultur\\\/#organization\",\"name\":\"St\u00e4dtische Agrikultur\",\"url\":\"https:\\\/\\\/websites.fraunhofer.de\\\/staedtischeagrikultur\\\/\",\"logo\":{\"@type\":\"ImageObject\",\"inLanguage\":\"de\",\"@id\":\"https:\\\/\\\/websites.fraunhofer.de\\\/staedtischeagrikultur\\\/#\\\/schema\\\/logo\\\/image\\\/\",\"url\":\"https:\\\/\\\/staedtische-agrikultur.de\\\/wp-content\\\/uploads\\\/2017\\\/10\\\/SAIN-Logo_V4_N-k\u00fcrzer_edit-170831_Fraunhofer-Gr\u00fcn.png\",\"contentUrl\":\"https:\\\/\\\/staedtische-agrikultur.de\\\/wp-content\\\/uploads\\\/2017\\\/10\\\/SAIN-Logo_V4_N-k\u00fcrzer_edit-170831_Fraunhofer-Gr\u00fcn.png\",\"width\":1666,\"height\":1666,\"caption\":\"St\u00e4dtische Agrikultur\"},\"image\":{\"@id\":\"https:\\\/\\\/websites.fraunhofer.de\\\/staedtischeagrikultur\\\/#\\\/schema\\\/logo\\\/image\\\/\"},\"sameAs\":[\"https:\\\/\\\/www.facebook.com\\\/SAINagrikultur\\\/\",\"https:\\\/\\\/www.youtube.com\\\/channel\\\/UCeFQ74xB7C6-DHKwI1k9E3Q\"]}]}<\/script>\n<!-- \/ Yoast SEO plugin. -->","yoast_head_json":{"title":"Bild1 - St\u00e4dtische Agrikultur","robots":{"index":"index","follow":"follow","max-snippet":"max-snippet:-1","max-image-preview":"max-image-preview:large","max-video-preview":"max-video-preview:-1"},"canonical":"https:\/\/websites.fraunhofer.de\/staedtischeagrikultur\/wp-content\/uploads\/2020\/08\/Bild1.png","og_locale":"de_DE","og_type":"article","og_title":"Bild1 - St\u00e4dtische Agrikultur","og_url":"https:\/\/websites.fraunhofer.de\/staedtischeagrikultur\/wp-content\/uploads\/2020\/08\/Bild1.png","og_site_name":"St\u00e4dtische Agrikultur","article_publisher":"https:\/\/www.facebook.com\/SAINagrikultur\/","og_image":[{"width":1525,"height":1125,"url":"https:\/\/websites.fraunhofer.de\/staedtischeagrikultur\/wp-content\/uploads\/2020\/08\/Bild1.png","type":"image\/png"}],"twitter_card":"summary_large_image","schema":{"@context":"https:\/\/schema.org","@graph":[{"@type":"WebPage","@id":"https:\/\/websites.fraunhofer.de\/staedtischeagrikultur\/wp-content\/uploads\/2020\/08\/Bild1.png","url":"https:\/\/websites.fraunhofer.de\/staedtischeagrikultur\/wp-content\/uploads\/2020\/08\/Bild1.png","name":"Bild1 - St\u00e4dtische Agrikultur","isPartOf":{"@id":"https:\/\/websites.fraunhofer.de\/staedtischeagrikultur\/#website"},"datePublished":"2020-08-18T11:09:17+00:00","breadcrumb":{"@id":"https:\/\/websites.fraunhofer.de\/staedtischeagrikultur\/wp-content\/uploads\/2020\/08\/Bild1.png#breadcrumb"},"inLanguage":"de","potentialAction":[{"@type":"ReadAction","target":["https:\/\/websites.fraunhofer.de\/staedtischeagrikultur\/wp-content\/uploads\/2020\/08\/Bild1.png"]}]},{"@type":"BreadcrumbList","@id":"https:\/\/websites.fraunhofer.de\/staedtischeagrikultur\/wp-content\/uploads\/2020\/08\/Bild1.png#breadcrumb","itemListElement":[{"@type":"ListItem","position":1,"name":"Startseite","item":"https:\/\/websites.fraunhofer.de\/staedtischeagrikultur\/"},{"@type":"ListItem","position":2,"name":"Urbane Gemeinschaftsg\u00e4rten","item":"https:\/\/websites.fraunhofer.de\/staedtischeagrikultur\/index.php\/urbane-gemeinschaftsgaerten\/"},{"@type":"ListItem","position":3,"name":"Bild1"}]},{"@type":"WebSite","@id":"https:\/\/websites.fraunhofer.de\/staedtischeagrikultur\/#website","url":"https:\/\/websites.fraunhofer.de\/staedtischeagrikultur\/","name":"St\u00e4dtische Agrikultur","description":"SAIN","publisher":{"@id":"https:\/\/websites.fraunhofer.de\/staedtischeagrikultur\/#organization"},"potentialAction":[{"@type":"SearchAction","target":{"@type":"EntryPoint","urlTemplate":"https:\/\/websites.fraunhofer.de\/staedtischeagrikultur\/?s={search_term_string}"},"query-input":{"@type":"PropertyValueSpecification","valueRequired":true,"valueName":"search_term_string"}}],"inLanguage":"de"},{"@type":"Organization","@id":"https:\/\/websites.fraunhofer.de\/staedtischeagrikultur\/#organization","name":"St\u00e4dtische Agrikultur","url":"https:\/\/websites.fraunhofer.de\/staedtischeagrikultur\/","logo":{"@type":"ImageObject","inLanguage":"de","@id":"https:\/\/websites.fraunhofer.de\/staedtischeagrikultur\/#\/schema\/logo\/image\/","url":"https:\/\/staedtische-agrikultur.de\/wp-content\/uploads\/2017\/10\/SAIN-Logo_V4_N-k\u00fcrzer_edit-170831_Fraunhofer-Gr\u00fcn.png","contentUrl":"https:\/\/staedtische-agrikultur.de\/wp-content\/uploads\/2017\/10\/SAIN-Logo_V4_N-k\u00fcrzer_edit-170831_Fraunhofer-Gr\u00fcn.png","width":1666,"height":1666,"caption":"St\u00e4dtische Agrikultur"},"image":{"@id":"https:\/\/websites.fraunhofer.de\/staedtischeagrikultur\/#\/schema\/logo\/image\/"},"sameAs":["https:\/\/www.facebook.com\/SAINagrikultur\/","https:\/\/www.youtube.com\/channel\/UCeFQ74xB7C6-DHKwI1k9E3Q"]}]}},"description":{"rendered":"<p class=\"attachment\"><a href='https:\/\/staedtische-agrikultur.de\/wp-content\/uploads\/2020\/08\/Bild1.png'><img loading=\"lazy\" decoding=\"async\" width=\"300\" height=\"221\" src=\"https:\/\/staedtische-agrikultur.de\/wp-content\/uploads\/2020\/08\/Bild1-300x221.png\" class=\"attachment-medium size-medium\" alt=\"\" \/><\/a><\/p>\n"},"caption":{"rendered":""},"alt_text":"","media_type":"image","mime_type":"image\/png","media_details":{"width":1525,"height":1125,"file":"2020\/08\/Bild1.png","sizes":{"medium":{"file":"Bild1-300x221.png","width":300,"height":221,"mime_type":"image\/png","source_url":"https:\/\/staedtische-agrikultur.de\/wp-content\/uploads\/2020\/08\/Bild1-300x221.png"},"large":{"file":"Bild1-1024x755.png","width":1024,"height":755,"mime_type":"image\/png","source_url":"https:\/\/staedtische-agrikultur.de\/wp-content\/uploads\/2020\/08\/Bild1-1024x755.png"},"thumbnail":{"file":"Bild1-150x150.png","width":150,"height":150,"mime_type":"image\/png","source_url":"https:\/\/staedtische-agrikultur.de\/wp-content\/uploads\/2020\/08\/Bild1-150x150.png"},"medium_large":{"file":"Bild1-768x567.png","width":768,"height":567,"mime_type":"image\/png","source_url":"https:\/\/staedtische-agrikultur.de\/wp-content\/uploads\/2020\/08\/Bild1-768x567.png"},"et-pb-post-main-image":{"file":"Bild1-400x250.png","width":400,"height":250,"mime_type":"image\/png","source_url":"https:\/\/staedtische-agrikultur.de\/wp-content\/uploads\/2020\/08\/Bild1-400x250.png"},"et-pb-post-main-image-fullwidth":{"file":"Bild1-1080x675.png","width":1080,"height":675,"mime_type":"image\/png","source_url":"https:\/\/staedtische-agrikultur.de\/wp-content\/uploads\/2020\/08\/Bild1-1080x675.png"},"et-pb-portfolio-image":{"file":"Bild1-400x284.png","width":400,"height":284,"mime_type":"image\/png","source_url":"https:\/\/staedtische-agrikultur.de\/wp-content\/uploads\/2020\/08\/Bild1-400x284.png"},"et-pb-portfolio-module-image":{"file":"Bild1-510x382.png","width":510,"height":382,"mime_type":"image\/png","source_url":"https:\/\/staedtische-agrikultur.de\/wp-content\/uploads\/2020\/08\/Bild1-510x382.png"},"et-pb-portfolio-image-single":{"file":"Bild1-1080x797.png","width":1080,"height":797,"mime_type":"image\/png","source_url":"https:\/\/staedtische-agrikultur.de\/wp-content\/uploads\/2020\/08\/Bild1-1080x797.png"},"et-pb-gallery-module-image-portrait":{"file":"Bild1-400x516.png","width":400,"height":516,"mime_type":"image\/png","source_url":"https:\/\/staedtische-agrikultur.de\/wp-content\/uploads\/2020\/08\/Bild1-400x516.png"},"et-pb-image--responsive--desktop":{"file":"Bild1-1280x944.png","width":1280,"height":944,"mime_type":"image\/png","source_url":"https:\/\/staedtische-agrikultur.de\/wp-content\/uploads\/2020\/08\/Bild1-1280x944.png"},"et-pb-image--responsive--tablet":{"file":"Bild1-980x723.png","width":980,"height":723,"mime_type":"image\/png","source_url":"https:\/\/staedtische-agrikultur.de\/wp-content\/uploads\/2020\/08\/Bild1-980x723.png"},"et-pb-image--responsive--phone":{"file":"Bild1-480x354.png","width":480,"height":354,"mime_type":"image\/png","source_url":"https:\/\/staedtische-agrikultur.de\/wp-content\/uploads\/2020\/08\/Bild1-480x354.png"},"full":{"file":"Bild1.png","width":1525,"height":1125,"mime_type":"image\/png","source_url":"https:\/\/staedtische-agrikultur.de\/wp-content\/uploads\/2020\/08\/Bild1.png"}},"image_meta":{"aperture":"0","credit":"","camera":"","caption":"","created_timestamp":"0","copyright":"","focal_length":"0","iso":"0","shutter_speed":"0","title":"","orientation":"0","keywords":[]}},"post":7492,"source_url":"https:\/\/staedtische-agrikultur.de\/wp-content\/uploads\/2020\/08\/Bild1.png","_links":{"self":[{"href":"https:\/\/staedtische-agrikultur.de\/index.php\/wp-json\/wp\/v2\/media\/7504","targetHints":{"allow":["GET"]}}],"collection":[{"href":"https:\/\/staedtische-agrikultur.de\/index.php\/wp-json\/wp\/v2\/media"}],"about":[{"href":"https:\/\/staedtische-agrikultur.de\/index.php\/wp-json\/wp\/v2\/types\/attachment"}],"author":[{"embeddable":true,"href":"https:\/\/staedtische-agrikultur.de\/index.php\/wp-json\/wp\/v2\/users\/2"}],"replies":[{"embeddable":true,"href":"https:\/\/staedtische-agrikultur.de\/index.php\/wp-json\/wp\/v2\/comments?post=7504"}],"wp:attached-to":[{"embeddable":true,"post_type":"post","id":7492,"href":"https:\/\/staedtische-agrikultur.de\/index.php\/wp-json\/wp\/v2\/posts\/7492"}],"curies":[{"name":"wp","href":"https:\/\/api.w.org\/{rel}","templated":true}]}}

<!-- This site is optimized with the Yoast SEO plugin v27.5 - https://yoast.com/product/yoast-seo-wordpress/ -->
<title>Bild1 - Städtische Agrikultur</title>
<meta name="robots" content="index, follow, max-snippet:-1, max-image-preview:large, max-video-preview:-1" />
<link rel="canonical" href="https://websites.fraunhofer.de/staedtischeagrikultur/wp-content/uploads/2020/08/Bild1.png" />
<meta property="og:locale" content="de_DE" />
<meta property="og:type" content="article" />
<meta property="og:title" content="Bild1 - Städtische Agrikultur" />
<meta property="og:url" content="https://websites.fraunhofer.de/staedtischeagrikultur/wp-content/uploads/2020/08/Bild1.png" />
<meta property="og:site_name" content="Städtische Agrikultur" />
<meta property="article:publisher" content="https://www.facebook.com/SAINagrikultur/" />
<meta property="og:image" content="https://websites.fraunhofer.de/staedtischeagrikultur/wp-content/uploads/2020/08/Bild1.png" />
	<meta property="og:image:width" content="1525" />
	<meta property="og:image:height" content="1125" />
	<meta property="og:image:type" content="image/png" />
<meta name="twitter:card" content="summary_large_image" />
<script type="application/ld+json" class="yoast-schema-graph">{"@context":"https:\/\/schema.org","@graph":[{"@type":"WebPage","@id":"https:\/\/websites.fraunhofer.de\/staedtischeagrikultur\/wp-content\/uploads\/2020\/08\/Bild1.png","url":"https:\/\/websites.fraunhofer.de\/staedtischeagrikultur\/wp-content\/uploads\/2020\/08\/Bild1.png","name":"Bild1 - Städtische Agrikultur","isPartOf":{"@id":"https:\/\/websites.fraunhofer.de\/staedtischeagrikultur\/#website"},"datePublished":"2020-08-18T11:09:17+00:00","breadcrumb":{"@id":"https:\/\/websites.fraunhofer.de\/staedtischeagrikultur\/wp-content\/uploads\/2020\/08\/Bild1.png#breadcrumb"},"inLanguage":"de","potentialAction":[{"@type":"ReadAction","target":["https:\/\/websites.fraunhofer.de\/staedtischeagrikultur\/wp-content\/uploads\/2020\/08\/Bild1.png"]}]},{"@type":"BreadcrumbList","@id":"https:\/\/websites.fraunhofer.de\/staedtischeagrikultur\/wp-content\/uploads\/2020\/08\/Bild1.png#breadcrumb","itemListElement":[{"@type":"ListItem","position":1,"name":"Startseite","item":"https:\/\/websites.fraunhofer.de\/staedtischeagrikultur\/"},{"@type":"ListItem","position":2,"name":"Urbane Gemeinschaftsgärten","item":"https:\/\/websites.fraunhofer.de\/staedtischeagrikultur\/index.php\/urbane-gemeinschaftsgaerten\/"},{"@type":"ListItem","position":3,"name":"Bild1"}]},{"@type":"WebSite","@id":"https:\/\/websites.fraunhofer.de\/staedtischeagrikultur\/#website","url":"https:\/\/websites.fraunhofer.de\/staedtischeagrikultur\/","name":"Städtische Agrikultur","description":"SAIN","publisher":{"@id":"https:\/\/websites.fraunhofer.de\/staedtischeagrikultur\/#organization"},"potentialAction":[{"@type":"SearchAction","target":{"@type":"EntryPoint","urlTemplate":"https:\/\/websites.fraunhofer.de\/staedtischeagrikultur\/?s={search_term_string}"},"query-input":{"@type":"PropertyValueSpecification","valueRequired":true,"valueName":"search_term_string"}}],"inLanguage":"de"},{"@type":"Organization","@id":"https:\/\/websites.fraunhofer.de\/staedtischeagrikultur\/#organization","name":"Städtische Agrikultur","url":"https:\/\/websites.fraunhofer.de\/staedtischeagrikultur\/","logo":{"@type":"ImageObject","inLanguage":"de","@id":"https:\/\/websites.fraunhofer.de\/staedtischeagrikultur\/#\/schema\/logo\/image\/","url":"https:\/\/staedtische-agrikultur.de\/wp-content\/uploads\/2017\/10\/SAIN-Logo_V4_N-kürzer_edit-170831_Fraunhofer-Grün.png","contentUrl":"https:\/\/staedtische-agrikultur.de\/wp-content\/uploads\/2017\/10\/SAIN-Logo_V4_N-kürzer_edit-170831_Fraunhofer-Grün.png","width":1666,"height":1666,"caption":"Städtische Agrikultur"},"image":{"@id":"https:\/\/websites.fraunhofer.de\/staedtischeagrikultur\/#\/schema\/logo\/image\/"},"sameAs":["https:\/\/www.facebook.com\/SAINagrikultur\/","https:\/\/www.youtube.com\/channel\/UCeFQ74xB7C6-DHKwI1k9E3Q"]}]}</script>
<!-- / Yoast SEO plugin. -->

Bild1 - Städtische Agrikultur

Städtische Agrikultur

Urbane Gemeinschaftsgärten

https://staedtische-agrikultur.de/wp-content/uploads/2017/10/SAIN-Logo_V4_N-kürzer_edit-170831_Fraunhofer-Grün.png
