{"id":4811,"date":"2018-09-03T13:06:56","date_gmt":"2018-09-03T11:06:56","guid":{"rendered":"https:\/\/websites.fraunhofer.de\/staedtische-agrikultur\/wp-content\/uploads\/2018\/09\/nua.png"},"modified":"2018-09-06T12:54:34","modified_gmt":"2018-09-06T10:54:34","slug":"nua","status":"inherit","type":"attachment","link":"https:\/\/staedtische-agrikultur.de\/index.php\/sain-auf-der-netzwerktagung-gemeinsam-gaertnern-in-nrw-5-september\/nua\/","title":{"rendered":"nua"},"author":2,"featured_media":0,"comment_status":"open","ping_status":"closed","template":"","meta":{"_et_pb_use_builder":"","_et_pb_old_content":"","_et_gb_content_width":""},"class_list":["post-4811","attachment","type-attachment","status-inherit","hentry"],"yoast_head":"<!-- This site is optimized with the Yoast SEO plugin v27.5 - https:\/\/yoast.com\/product\/yoast-seo-wordpress\/ -->\n<title>nua - St\u00e4dtische Agrikultur<\/title>\n<meta name=\"robots\" content=\"index, follow, max-snippet:-1, max-image-preview:large, max-video-preview:-1\" \/>\n<link rel=\"canonical\" href=\"https:\/\/websites.fraunhofer.de\/staedtischeagrikultur\/wp-content\/uploads\/2018\/09\/nua-e1536231271200.png\" \/>\n<meta property=\"og:locale\" content=\"de_DE\" \/>\n<meta property=\"og:type\" content=\"article\" \/>\n<meta property=\"og:title\" content=\"nua - St\u00e4dtische Agrikultur\" \/>\n<meta property=\"og:url\" content=\"https:\/\/websites.fraunhofer.de\/staedtischeagrikultur\/wp-content\/uploads\/2018\/09\/nua-e1536231271200.png\" \/>\n<meta property=\"og:site_name\" content=\"St\u00e4dtische Agrikultur\" \/>\n<meta property=\"article:publisher\" content=\"https:\/\/www.facebook.com\/SAINagrikultur\/\" \/>\n<meta property=\"article:modified_time\" content=\"2018-09-06T10:54:34+00:00\" \/>\n<meta property=\"og:image\" content=\"https:\/\/websites.fraunhofer.de\/staedtischeagrikultur\/wp-content\/uploads\/2018\/09\/nua-e1536231271200.png\" \/>\n\t<meta property=\"og:image:width\" content=\"233\" \/>\n\t<meta property=\"og:image:height\" content=\"87\" \/>\n\t<meta property=\"og:image:type\" content=\"image\/png\" \/>\n<meta name=\"twitter:card\" content=\"summary_large_image\" \/>\n<script type=\"application\/ld+json\" class=\"yoast-schema-graph\">{\"@context\":\"https:\\\/\\\/schema.org\",\"@graph\":[{\"@type\":\"WebPage\",\"@id\":\"https:\\\/\\\/websites.fraunhofer.de\\\/staedtischeagrikultur\\\/wp-content\\\/uploads\\\/2018\\\/09\\\/nua-e1536231271200.png\",\"url\":\"https:\\\/\\\/websites.fraunhofer.de\\\/staedtischeagrikultur\\\/wp-content\\\/uploads\\\/2018\\\/09\\\/nua-e1536231271200.png\",\"name\":\"nua - St\u00e4dtische Agrikultur\",\"isPartOf\":{\"@id\":\"https:\\\/\\\/websites.fraunhofer.de\\\/staedtischeagrikultur\\\/#website\"},\"datePublished\":\"2018-09-03T11:06:56+00:00\",\"dateModified\":\"2018-09-06T10:54:34+00:00\",\"breadcrumb\":{\"@id\":\"https:\\\/\\\/websites.fraunhofer.de\\\/staedtischeagrikultur\\\/wp-content\\\/uploads\\\/2018\\\/09\\\/nua-e1536231271200.png#breadcrumb\"},\"inLanguage\":\"de\",\"potentialAction\":[{\"@type\":\"ReadAction\",\"target\":[\"https:\\\/\\\/websites.fraunhofer.de\\\/staedtischeagrikultur\\\/wp-content\\\/uploads\\\/2018\\\/09\\\/nua-e1536231271200.png\"]}]},{\"@type\":\"BreadcrumbList\",\"@id\":\"https:\\\/\\\/websites.fraunhofer.de\\\/staedtischeagrikultur\\\/wp-content\\\/uploads\\\/2018\\\/09\\\/nua-e1536231271200.png#breadcrumb\",\"itemListElement\":[{\"@type\":\"ListItem\",\"position\":1,\"name\":\"Startseite\",\"item\":\"https:\\\/\\\/websites.fraunhofer.de\\\/staedtischeagrikultur\\\/\"},{\"@type\":\"ListItem\",\"position\":2,\"name\":\"5. September &#8217;18 \u2013 SAIN auf der Netzwerktagung &#8220;Gemeinsam g\u00e4rtnern in NRW&#8221;\",\"item\":\"https:\\\/\\\/websites.fraunhofer.de\\\/staedtischeagrikultur\\\/index.php\\\/sain-auf-der-netzwerktagung-gemeinsam-gaertnern-in-nrw-5-september\\\/\"},{\"@type\":\"ListItem\",\"position\":3,\"name\":\"nua\"}]},{\"@type\":\"WebSite\",\"@id\":\"https:\\\/\\\/websites.fraunhofer.de\\\/staedtischeagrikultur\\\/#website\",\"url\":\"https:\\\/\\\/websites.fraunhofer.de\\\/staedtischeagrikultur\\\/\",\"name\":\"St\u00e4dtische Agrikultur\",\"description\":\"SAIN\",\"publisher\":{\"@id\":\"https:\\\/\\\/websites.fraunhofer.de\\\/staedtischeagrikultur\\\/#organization\"},\"potentialAction\":[{\"@type\":\"SearchAction\",\"target\":{\"@type\":\"EntryPoint\",\"urlTemplate\":\"https:\\\/\\\/websites.fraunhofer.de\\\/staedtischeagrikultur\\\/?s={search_term_string}\"},\"query-input\":{\"@type\":\"PropertyValueSpecification\",\"valueRequired\":true,\"valueName\":\"search_term_string\"}}],\"inLanguage\":\"de\"},{\"@type\":\"Organization\",\"@id\":\"https:\\\/\\\/websites.fraunhofer.de\\\/staedtischeagrikultur\\\/#organization\",\"name\":\"St\u00e4dtische Agrikultur\",\"url\":\"https:\\\/\\\/websites.fraunhofer.de\\\/staedtischeagrikultur\\\/\",\"logo\":{\"@type\":\"ImageObject\",\"inLanguage\":\"de\",\"@id\":\"https:\\\/\\\/websites.fraunhofer.de\\\/staedtischeagrikultur\\\/#\\\/schema\\\/logo\\\/image\\\/\",\"url\":\"https:\\\/\\\/staedtische-agrikultur.de\\\/wp-content\\\/uploads\\\/2017\\\/10\\\/SAIN-Logo_V4_N-k\u00fcrzer_edit-170831_Fraunhofer-Gr\u00fcn.png\",\"contentUrl\":\"https:\\\/\\\/staedtische-agrikultur.de\\\/wp-content\\\/uploads\\\/2017\\\/10\\\/SAIN-Logo_V4_N-k\u00fcrzer_edit-170831_Fraunhofer-Gr\u00fcn.png\",\"width\":1666,\"height\":1666,\"caption\":\"St\u00e4dtische Agrikultur\"},\"image\":{\"@id\":\"https:\\\/\\\/websites.fraunhofer.de\\\/staedtischeagrikultur\\\/#\\\/schema\\\/logo\\\/image\\\/\"},\"sameAs\":[\"https:\\\/\\\/www.facebook.com\\\/SAINagrikultur\\\/\",\"https:\\\/\\\/www.youtube.com\\\/channel\\\/UCeFQ74xB7C6-DHKwI1k9E3Q\"]}]}<\/script>\n<!-- \/ Yoast SEO plugin. -->","yoast_head_json":{"title":"nua - St\u00e4dtische Agrikultur","robots":{"index":"index","follow":"follow","max-snippet":"max-snippet:-1","max-image-preview":"max-image-preview:large","max-video-preview":"max-video-preview:-1"},"canonical":"https:\/\/websites.fraunhofer.de\/staedtischeagrikultur\/wp-content\/uploads\/2018\/09\/nua-e1536231271200.png","og_locale":"de_DE","og_type":"article","og_title":"nua - St\u00e4dtische Agrikultur","og_url":"https:\/\/websites.fraunhofer.de\/staedtischeagrikultur\/wp-content\/uploads\/2018\/09\/nua-e1536231271200.png","og_site_name":"St\u00e4dtische Agrikultur","article_publisher":"https:\/\/www.facebook.com\/SAINagrikultur\/","article_modified_time":"2018-09-06T10:54:34+00:00","og_image":[{"width":233,"height":87,"url":"https:\/\/websites.fraunhofer.de\/staedtischeagrikultur\/wp-content\/uploads\/2018\/09\/nua-e1536231271200.png","type":"image\/png"}],"twitter_card":"summary_large_image","schema":{"@context":"https:\/\/schema.org","@graph":[{"@type":"WebPage","@id":"https:\/\/websites.fraunhofer.de\/staedtischeagrikultur\/wp-content\/uploads\/2018\/09\/nua-e1536231271200.png","url":"https:\/\/websites.fraunhofer.de\/staedtischeagrikultur\/wp-content\/uploads\/2018\/09\/nua-e1536231271200.png","name":"nua - St\u00e4dtische Agrikultur","isPartOf":{"@id":"https:\/\/websites.fraunhofer.de\/staedtischeagrikultur\/#website"},"datePublished":"2018-09-03T11:06:56+00:00","dateModified":"2018-09-06T10:54:34+00:00","breadcrumb":{"@id":"https:\/\/websites.fraunhofer.de\/staedtischeagrikultur\/wp-content\/uploads\/2018\/09\/nua-e1536231271200.png#breadcrumb"},"inLanguage":"de","potentialAction":[{"@type":"ReadAction","target":["https:\/\/websites.fraunhofer.de\/staedtischeagrikultur\/wp-content\/uploads\/2018\/09\/nua-e1536231271200.png"]}]},{"@type":"BreadcrumbList","@id":"https:\/\/websites.fraunhofer.de\/staedtischeagrikultur\/wp-content\/uploads\/2018\/09\/nua-e1536231271200.png#breadcrumb","itemListElement":[{"@type":"ListItem","position":1,"name":"Startseite","item":"https:\/\/websites.fraunhofer.de\/staedtischeagrikultur\/"},{"@type":"ListItem","position":2,"name":"5. September &#8217;18 \u2013 SAIN auf der Netzwerktagung &#8220;Gemeinsam g\u00e4rtnern in NRW&#8221;","item":"https:\/\/websites.fraunhofer.de\/staedtischeagrikultur\/index.php\/sain-auf-der-netzwerktagung-gemeinsam-gaertnern-in-nrw-5-september\/"},{"@type":"ListItem","position":3,"name":"nua"}]},{"@type":"WebSite","@id":"https:\/\/websites.fraunhofer.de\/staedtischeagrikultur\/#website","url":"https:\/\/websites.fraunhofer.de\/staedtischeagrikultur\/","name":"St\u00e4dtische Agrikultur","description":"SAIN","publisher":{"@id":"https:\/\/websites.fraunhofer.de\/staedtischeagrikultur\/#organization"},"potentialAction":[{"@type":"SearchAction","target":{"@type":"EntryPoint","urlTemplate":"https:\/\/websites.fraunhofer.de\/staedtischeagrikultur\/?s={search_term_string}"},"query-input":{"@type":"PropertyValueSpecification","valueRequired":true,"valueName":"search_term_string"}}],"inLanguage":"de"},{"@type":"Organization","@id":"https:\/\/websites.fraunhofer.de\/staedtischeagrikultur\/#organization","name":"St\u00e4dtische Agrikultur","url":"https:\/\/websites.fraunhofer.de\/staedtischeagrikultur\/","logo":{"@type":"ImageObject","inLanguage":"de","@id":"https:\/\/websites.fraunhofer.de\/staedtischeagrikultur\/#\/schema\/logo\/image\/","url":"https:\/\/staedtische-agrikultur.de\/wp-content\/uploads\/2017\/10\/SAIN-Logo_V4_N-k\u00fcrzer_edit-170831_Fraunhofer-Gr\u00fcn.png","contentUrl":"https:\/\/staedtische-agrikultur.de\/wp-content\/uploads\/2017\/10\/SAIN-Logo_V4_N-k\u00fcrzer_edit-170831_Fraunhofer-Gr\u00fcn.png","width":1666,"height":1666,"caption":"St\u00e4dtische Agrikultur"},"image":{"@id":"https:\/\/websites.fraunhofer.de\/staedtischeagrikultur\/#\/schema\/logo\/image\/"},"sameAs":["https:\/\/www.facebook.com\/SAINagrikultur\/","https:\/\/www.youtube.com\/channel\/UCeFQ74xB7C6-DHKwI1k9E3Q"]}]}},"description":{"rendered":"<p class=\"attachment\"><a href='https:\/\/staedtische-agrikultur.de\/wp-content\/uploads\/2018\/09\/nua-e1536231271200.png'><img loading=\"lazy\" decoding=\"async\" width=\"212\" height=\"300\" src=\"https:\/\/staedtische-agrikultur.de\/wp-content\/uploads\/2018\/09\/nua-e1536230759548-212x300.png\" class=\"attachment-medium size-medium\" alt=\"\" \/><\/a><\/p>\n"},"caption":{"rendered":""},"alt_text":"","media_type":"image","mime_type":"image\/png","media_details":{"width":233,"height":87,"file":"2018\/09\/nua-e1536231271200.png","sizes":{"thumbnail":{"file":"nua-e1536231271200-150x87.png","width":150,"height":87,"mime_type":"image\/png","source_url":"https:\/\/staedtische-agrikultur.de\/wp-content\/uploads\/2018\/09\/nua-e1536231271200-150x87.png"},"medium":{"file":"nua-e1536230759548-212x300.png","width":212,"height":300,"mime_type":"image\/png","source_url":"https:\/\/staedtische-agrikultur.de\/wp-content\/uploads\/2018\/09\/nua-e1536230759548-212x300.png"},"et-pb-post-main-image":{"file":"nua-e1536230759548-400x250.png","width":400,"height":250,"mime_type":"image\/png","source_url":"https:\/\/staedtische-agrikultur.de\/wp-content\/uploads\/2018\/09\/nua-e1536230759548-400x250.png"},"et-pb-portfolio-image":{"file":"nua-e1536230759548-400x284.png","width":400,"height":284,"mime_type":"image\/png","source_url":"https:\/\/staedtische-agrikultur.de\/wp-content\/uploads\/2018\/09\/nua-e1536230759548-400x284.png"},"et-pb-portfolio-module-image":{"file":"nua-e1536230759548-417x382.png","width":417,"height":382,"mime_type":"image\/png","source_url":"https:\/\/staedtische-agrikultur.de\/wp-content\/uploads\/2018\/09\/nua-e1536230759548-417x382.png"},"et-pb-gallery-module-image-portrait":{"file":"nua-e1536230759548-400x516.png","width":400,"height":516,"mime_type":"image\/png","source_url":"https:\/\/staedtische-agrikultur.de\/wp-content\/uploads\/2018\/09\/nua-e1536230759548-400x516.png"},"full":{"file":"nua-e1536231271200.png","width":233,"height":87,"mime_type":"image\/png","source_url":"https:\/\/staedtische-agrikultur.de\/wp-content\/uploads\/2018\/09\/nua-e1536231271200.png"}},"image_meta":{"aperture":"0","credit":"","camera":"","caption":"","created_timestamp":"0","copyright":"","focal_length":"0","iso":"0","shutter_speed":"0","title":"","orientation":"0","keywords":[]}},"post":4810,"source_url":"https:\/\/staedtische-agrikultur.de\/wp-content\/uploads\/2018\/09\/nua-e1536231271200.png","_links":{"self":[{"href":"https:\/\/staedtische-agrikultur.de\/index.php\/wp-json\/wp\/v2\/media\/4811","targetHints":{"allow":["GET"]}}],"collection":[{"href":"https:\/\/staedtische-agrikultur.de\/index.php\/wp-json\/wp\/v2\/media"}],"about":[{"href":"https:\/\/staedtische-agrikultur.de\/index.php\/wp-json\/wp\/v2\/types\/attachment"}],"author":[{"embeddable":true,"href":"https:\/\/staedtische-agrikultur.de\/index.php\/wp-json\/wp\/v2\/users\/2"}],"replies":[{"embeddable":true,"href":"https:\/\/staedtische-agrikultur.de\/index.php\/wp-json\/wp\/v2\/comments?post=4811"}],"wp:attached-to":[{"embeddable":true,"post_type":"post","id":4810,"href":"https:\/\/staedtische-agrikultur.de\/index.php\/wp-json\/wp\/v2\/posts\/4810"}],"curies":[{"name":"wp","href":"https:\/\/api.w.org\/{rel}","templated":true}]}}

<!-- This site is optimized with the Yoast SEO plugin v27.5 - https://yoast.com/product/yoast-seo-wordpress/ -->
<title>nua - Städtische Agrikultur</title>
<meta name="robots" content="index, follow, max-snippet:-1, max-image-preview:large, max-video-preview:-1" />
<link rel="canonical" href="https://websites.fraunhofer.de/staedtischeagrikultur/wp-content/uploads/2018/09/nua-e1536231271200.png" />
<meta property="og:locale" content="de_DE" />
<meta property="og:type" content="article" />
<meta property="og:title" content="nua - Städtische Agrikultur" />
<meta property="og:url" content="https://websites.fraunhofer.de/staedtischeagrikultur/wp-content/uploads/2018/09/nua-e1536231271200.png" />
<meta property="og:site_name" content="Städtische Agrikultur" />
<meta property="article:publisher" content="https://www.facebook.com/SAINagrikultur/" />
<meta property="article:modified_time" content="2018-09-06T10:54:34+00:00" />
<meta property="og:image" content="https://websites.fraunhofer.de/staedtischeagrikultur/wp-content/uploads/2018/09/nua-e1536231271200.png" />
	<meta property="og:image:width" content="233" />
	<meta property="og:image:height" content="87" />
	<meta property="og:image:type" content="image/png" />
<meta name="twitter:card" content="summary_large_image" />
<script type="application/ld+json" class="yoast-schema-graph">{"@context":"https:\/\/schema.org","@graph":[{"@type":"WebPage","@id":"https:\/\/websites.fraunhofer.de\/staedtischeagrikultur\/wp-content\/uploads\/2018\/09\/nua-e1536231271200.png","url":"https:\/\/websites.fraunhofer.de\/staedtischeagrikultur\/wp-content\/uploads\/2018\/09\/nua-e1536231271200.png","name":"nua - Städtische Agrikultur","isPartOf":{"@id":"https:\/\/websites.fraunhofer.de\/staedtischeagrikultur\/#website"},"datePublished":"2018-09-03T11:06:56+00:00","dateModified":"2018-09-06T10:54:34+00:00","breadcrumb":{"@id":"https:\/\/websites.fraunhofer.de\/staedtischeagrikultur\/wp-content\/uploads\/2018\/09\/nua-e1536231271200.png#breadcrumb"},"inLanguage":"de","potentialAction":[{"@type":"ReadAction","target":["https:\/\/websites.fraunhofer.de\/staedtischeagrikultur\/wp-content\/uploads\/2018\/09\/nua-e1536231271200.png"]}]},{"@type":"BreadcrumbList","@id":"https:\/\/websites.fraunhofer.de\/staedtischeagrikultur\/wp-content\/uploads\/2018\/09\/nua-e1536231271200.png#breadcrumb","itemListElement":[{"@type":"ListItem","position":1,"name":"Startseite","item":"https:\/\/websites.fraunhofer.de\/staedtischeagrikultur\/"},{"@type":"ListItem","position":2,"name":"5. September &#8217;18 – SAIN auf der Netzwerktagung &#8220;Gemeinsam gärtnern in NRW&#8221;","item":"https:\/\/websites.fraunhofer.de\/staedtischeagrikultur\/index.php\/sain-auf-der-netzwerktagung-gemeinsam-gaertnern-in-nrw-5-september\/"},{"@type":"ListItem","position":3,"name":"nua"}]},{"@type":"WebSite","@id":"https:\/\/websites.fraunhofer.de\/staedtischeagrikultur\/#website","url":"https:\/\/websites.fraunhofer.de\/staedtischeagrikultur\/","name":"Städtische Agrikultur","description":"SAIN","publisher":{"@id":"https:\/\/websites.fraunhofer.de\/staedtischeagrikultur\/#organization"},"potentialAction":[{"@type":"SearchAction","target":{"@type":"EntryPoint","urlTemplate":"https:\/\/websites.fraunhofer.de\/staedtischeagrikultur\/?s={search_term_string}"},"query-input":{"@type":"PropertyValueSpecification","valueRequired":true,"valueName":"search_term_string"}}],"inLanguage":"de"},{"@type":"Organization","@id":"https:\/\/websites.fraunhofer.de\/staedtischeagrikultur\/#organization","name":"Städtische Agrikultur","url":"https:\/\/websites.fraunhofer.de\/staedtischeagrikultur\/","logo":{"@type":"ImageObject","inLanguage":"de","@id":"https:\/\/websites.fraunhofer.de\/staedtischeagrikultur\/#\/schema\/logo\/image\/","url":"https:\/\/staedtische-agrikultur.de\/wp-content\/uploads\/2017\/10\/SAIN-Logo_V4_N-kürzer_edit-170831_Fraunhofer-Grün.png","contentUrl":"https:\/\/staedtische-agrikultur.de\/wp-content\/uploads\/2017\/10\/SAIN-Logo_V4_N-kürzer_edit-170831_Fraunhofer-Grün.png","width":1666,"height":1666,"caption":"Städtische Agrikultur"},"image":{"@id":"https:\/\/websites.fraunhofer.de\/staedtischeagrikultur\/#\/schema\/logo\/image\/"},"sameAs":["https:\/\/www.facebook.com\/SAINagrikultur\/","https:\/\/www.youtube.com\/channel\/UCeFQ74xB7C6-DHKwI1k9E3Q"]}]}</script>
<!-- / Yoast SEO plugin. -->

nua - Städtische Agrikultur

Städtische Agrikultur

5. September &#8217;18 – SAIN auf der Netzwerktagung &#8220;Gemeinsam gärtnern in NRW&#8221;

https://staedtische-agrikultur.de/wp-content/uploads/2017/10/SAIN-Logo_V4_N-kürzer_edit-170831_Fraunhofer-Grün.png
